{"id":66,"date":"2012-09-02T22:38:50","date_gmt":"2012-09-02T22:38:50","guid":{"rendered":"http:\/\/localhost\/feisal\/?page_id=66"},"modified":"2021-12-13T18:58:20","modified_gmt":"2021-12-13T21:58:20","slug":"comision-directiva","status":"publish","type":"page","link":"https:\/\/feisal.org\/?page_id=66","title":{"rendered":"Autoridades"},"content":{"rendered":"\n<h2 class=\"wp-block-heading\"><strong>Per\u00ed\u00adodo 2019 &#8211; 2023<\/strong><\/h2>\n\n\n\n<figure class=\"wp-block-image size-large\"><img loading=\"lazy\" decoding=\"async\" width=\"1024\" height=\"527\" src=\"http:\/\/feisal.org\/wp-content\/uploads\/Oficial_FEISAL-e1575600743118-1024x527.jpg\" alt=\"\" class=\"wp-image-3513\" srcset=\"https:\/\/feisal.org\/wp-content\/uploads\/Oficial_FEISAL-e1575600743118-1024x527.jpg 1024w, https:\/\/feisal.org\/wp-content\/uploads\/Oficial_FEISAL-e1575600743118-300x154.jpg 300w, https:\/\/feisal.org\/wp-content\/uploads\/Oficial_FEISAL-e1575600743118-768x395.jpg 768w, https:\/\/feisal.org\/wp-content\/uploads\/Oficial_FEISAL-e1575600743118-1536x791.jpg 1536w, https:\/\/feisal.org\/wp-content\/uploads\/Oficial_FEISAL-e1575600743118-2048x1054.jpg 2048w\" sizes=\"auto, (max-width: 1024px) 100vw, 1024px\" \/><\/figure>\n\n\n\n<p>Presidente: <strong>Esteban Ferrari<\/strong> (Facultad de Artes &#8211; Universidad Nacional de La Plata)<br>Secretaria: <strong>Mar\u00c3\u00ada del Carmen de Lara Rangel<\/strong> (Escuela Nacional de Arte Cinematogr\u00e1fico, Universidad Nacional Aut\u00f3noma de M\u00e9xico)<br>Tesorero: <strong>Alfredo Naime Padua<\/strong> (Cine y Producci\u00f3n Audiovisual, Universidad Popular Aut\u00f3noma del Estado de Puebla)<\/p>\n\n\n\n<p><em>Vicepresidentes<\/em><br>1\u00c2\u00ba: <strong>Marcelo Altmark<\/strong> (Dise\u00f1o de Imagen y Sonido; FADU &#8211; Universidad de Buenos Aires)<br>2\u00c2\u00ba: <strong>El\u00ed\u00adas Jim\u00e9nez<\/strong> (Escuela Casa Comal)<\/p>\n\n\n\n<p><em>Vocales Titulares<\/em><br><strong>Mar\u00eda Julia Grillo<\/strong> (Escuela Internacional de Cine y TV)<br><strong>Jorge Mart\u00ed\u00adnez<\/strong> (Universidad de las Artes &#8211; Ganexa)<br><strong>Pascual Araya<\/strong> (Escuela de Cine, Universidad de Valpara\u00ed\u00adso)<br><strong>Humberto Mancilla<\/strong> (Escuela de Cine Documental Puka\u00f1awi)<br><strong>Roberto Caturegli<\/strong> (Producci\u00f3n Audiovisual, Universidad Nacional de Villa Mar\u00ed\u00ada)<\/p>\n\n\n\n<p><em>Vocales Suplentes<\/em><br><strong>Nerio Barberis<\/strong> (Centro de Capacitaci\u00f3n Cinematogr\u00e1fica)<br><strong>Marcelo Gonz\u00e1lez Magnasco<\/strong> (Dpto. de Artes Audiovisuales, Universidad Nacional de las Artes)<br><strong>Jorge Mart\u00ednez Mart\u00ed\u00adnez<\/strong> (Medios Audiovisuales, Universidad Aut\u00f3noma de Baja California)<\/p>\n\n\n\n<figure class=\"wp-block-image size-large\"><img loading=\"lazy\" decoding=\"async\" width=\"1024\" height=\"73\" src=\"http:\/\/feisal.org\/wp-content\/uploads\/2020\/01\/cintas2-1024x73.png\" alt=\"\" class=\"wp-image-3540\" srcset=\"https:\/\/feisal.org\/wp-content\/uploads\/2020\/01\/cintas2-1024x73.png 1024w, https:\/\/feisal.org\/wp-content\/uploads\/2020\/01\/cintas2-300x21.png 300w, https:\/\/feisal.org\/wp-content\/uploads\/2020\/01\/cintas2-768x55.png 768w, https:\/\/feisal.org\/wp-content\/uploads\/2020\/01\/cintas2.png 1400w\" sizes=\"auto, (max-width: 1024px) 100vw, 1024px\" \/><\/figure>\n\n\n\n<p><\/p>\n","protected":false},"excerpt":{"rendered":"<p>Per\u00ed\u00adodo 2019 &#8211; 2023 Presidente: Esteban Ferrari (Facultad de Artes &#8211; Universidad Nacional de La Plata)Secretaria: Mar\u00c3\u00ada del Carmen de Lara Rangel (Escuela Nacional de Arte Cinematogr\u00e1fico, Universidad Nacional Aut\u00f3noma de M\u00e9xico)Tesorero: Alfredo Naime Padua (Cine y Producci\u00f3n Audiovisual, Universidad Popular Aut\u00f3noma del Estado de Puebla) Vicepresidentes1\u00c2\u00ba: Marcelo Altmark (Dise\u00f1o de Imagen y Sonido; FADU &hellip; <\/p>\n<p><a class=\"more-link btn\" href=\"https:\/\/feisal.org\/?page_id=66\">Seguir leyendo<\/a><\/p>\n","protected":false},"author":4,"featured_media":0,"parent":0,"menu_order":4,"comment_status":"closed","ping_status":"closed","template":"","meta":{"footnotes":""},"class_list":["post-66","page","type-page","status-publish","hentry","nodate","item-wrap"],"_links":{"self":[{"href":"https:\/\/feisal.org\/index.php?rest_route=\/wp\/v2\/pages\/66","targetHints":{"allow":["GET"]}}],"collection":[{"href":"https:\/\/feisal.org\/index.php?rest_route=\/wp\/v2\/pages"}],"about":[{"href":"https:\/\/feisal.org\/index.php?rest_route=\/wp\/v2\/types\/page"}],"author":[{"embeddable":true,"href":"https:\/\/feisal.org\/index.php?rest_route=\/wp\/v2\/users\/4"}],"replies":[{"embeddable":true,"href":"https:\/\/feisal.org\/index.php?rest_route=%2Fwp%2Fv2%2Fcomments&post=66"}],"version-history":[{"count":2,"href":"https:\/\/feisal.org\/index.php?rest_route=\/wp\/v2\/pages\/66\/revisions"}],"predecessor-version":[{"id":4151,"href":"https:\/\/feisal.org\/index.php?rest_route=\/wp\/v2\/pages\/66\/revisions\/4151"}],"wp:attachment":[{"href":"https:\/\/feisal.org\/index.php?rest_route=%2Fwp%2Fv2%2Fmedia&parent=66"}],"curies":[{"name":"wp","href":"https:\/\/api.w.org\/{rel}","templated":true}]}}